{"id":3,"date":"2024-03-30T15:37:00","date_gmt":"2024-03-30T14:37:00","guid":{"rendered":"https:\/\/gut3.de\/shop\/?page_id=3"},"modified":"2025-10-27T11:00:53","modified_gmt":"2025-10-27T10:00:53","slug":"datenschutzerklaerung","status":"publish","type":"page","link":"https:\/\/lernkarteien.de\/shop\/datenschutzerklaerung\/","title":{"rendered":"Datenschutzerkl\u00e4rung"},"content":{"rendered":"\n<p>Inhaltsverzeichnis<br>        1. Zugriffsdaten und Hosting<br>        2. Datenverarbeitung zur Vertragsabwicklung und zur Kontaktaufnahme<br>        2.1 Datenverarbeitung zur Vertragsabwicklung<br>        2.2 Kontaktaufnahme<br>        3. Datenverarbeitung zum Zwecke der Versandabwicklung<br>        4. Datenverarbeitung zur Zahlungsabwicklung<br>        4.1 Datenverarbeitung zur Transaktionsabwicklung<br>        4.2 Datenverarbeitung zum Zwecke der Betrugspr\u00e4vention und der Optimierung unserer Zahlungsprozesse<br>        5. Cookies und weitere Technologien<br>        6. Kontaktm\u00f6glichkeiten und Ihre Rechte<br>        6.1 Ihre Rechte<br>        6.2 Kontaktm\u00f6glichkeiten<\/p>\n\n\n\n<p><\/p>\n\n\n\n<p>Verantwortlicher f\u00fcr die Datenverarbeitung ist:<br>Martin Grund<br>Im Eichelgarten 49<br>765630 Baden-Baden<br>Deutschland<br><a href=\"mailto:support@lernkarteien.de\">support@lernkarteien.de<\/a><br>Telefon: 07221 271042<br>Wir freuen uns \u00fcber Ihr Interesse an unserem Online-Shop unter der Adresse <a href=\"https:\/\/lernkarteien.de\/shop\/\">www.lernkarteien.de\/shop\/<\/a>. Der Schutz Ihrer Privatsph\u00e4re ist f\u00fcr uns sehr wichtig. Nachstehend informieren wir Sie ausf\u00fchrlich \u00fcber den Umgang mit Ihren Daten.<\/p>\n\n\n\n<p><strong>1. Zugriffsdaten und Hosting<\/strong><br>Sie k\u00f6nnen unsere Webseiten besuchen, ohne Angaben zu Ihrer Person zu machen. Bei jedem Aufruf einer Webseite speichert der Webserver lediglich automatisch ein sogenanntes Server-Logfile, das z.B. den Namen der angeforderten Datei, Ihre IP-Adresse, Datum und Uhrzeit des Abrufs, \u00fcbertragene Datenmenge und den anfragenden Provider (Zugriffsdaten) enth\u00e4lt und den Abruf dokumentiert. Diese Zugriffsdaten werden ausschlie\u00dflich zum Zwecke der Sicherstellung eines st\u00f6rungsfreien Betriebs der Seite sowie der Verbesserung unseres Angebots ausgewertet. Dies dient der Wahrung unserer im Rahmen einer Interessensabw\u00e4gung \u00fcberwiegenden berechtigten Interessen an einer korrekten Darstellung unseres Angebots gem\u00e4\u00df Art. 6 Abs. 1 S. 1 lit. f DSGVO.<br>Die Dienste zum Hosting und zur Darstellung der Webseite werden teilweise durch unsere Dienstleister im Rahmen einer Verarbeitung in unserem Auftrag erbracht. Soweit im Rahmen der vorliegenden Datenschutzerkl\u00e4rung nichts anderes erl\u00e4utert wird, werden alle Zugriffsdaten sowie alle Daten, die in daf\u00fcr vorgesehenen Formularen auf dieser Webseite erhoben werden, auf ihren Servern verarbeitet. Bei Fragen zu unseren Dienstleistern und der Grundlage unserer Zusammenarbeit mit ihnen wenden Sie sich bitte an die in dieser Datenschutzerkl\u00e4rung beschriebenen Kontaktm\u00f6glichkeit.<\/p>\n\n\n\n<p><strong>2. Datenverarbeitung zur Vertragsabwicklung und zur Kontaktaufnahme<\/strong><br><strong>2.1&nbsp;Datenverarbeitung zur Vertragsabwicklung<\/strong><br>Wir erheben personenbezogene Daten, wenn Sie uns diese im Rahmen Ihrer Bestellung oder bei einer Kontaktaufnahme mit uns (z.B. per Kontaktformular oder E-Mail) freiwillig mitteilen. Pflichtfelder werden als solche gekennzeichnet, da wir in diesen F\u00e4llen die Daten zwingend zur Vertragsabwicklung, bzw. zur Bearbeitung Ihrer Kontaktaufnahme ben\u00f6tigen und Sie ohne deren Angabe die Bestellung nicht abschlie\u00dfen, bzw. die Kontaktaufnahme nicht versenden k\u00f6nnen. Welche Daten erhoben werden, ist aus den jeweiligen Eingabeformularen ersichtlich. Wir verwenden die von ihnen mitgeteilten Daten zur Vertragsabwicklung und Bearbeitung Ihrer Anfragen (inkl. Anfragen zu und Abwicklung von ggf. bestehenden Gew\u00e4hrleistungs- und Leistungsst\u00f6rungsanspr\u00fcchen sowie etwaiger gesetzlicher Aktualisierungspflichten) gem\u00e4\u00df Art. 6 Abs. 1 S. 1 lit. b DSGVO. Weitere Informationen zu der Verarbeitung Ihrer Daten, insbesondere zu der Weitergabe an unsere Dienstleister zum Zwecke der Bestellungs-, Zahlungs- und Versandabwicklung, finden Sie in den nachfolgenden Abschnitten dieser Datenschutzerkl\u00e4rung. Nach vollst\u00e4ndiger Abwicklung des Vertrages werden Ihre Daten f\u00fcr die weitere Verarbeitung eingeschr\u00e4nkt und nach Ablauf etwaiger steuer- und handelsrechtlichen Aufbewahrungsfristen gem\u00e4\u00df Art. 6 Abs. 1 S. 1 lit. c DSGVO gel\u00f6scht.<\/p>\n\n\n\n<p><strong>2.2&nbsp;Kontaktaufnahme<\/strong><br>Im Rahmen der Kundenkommunikation erheben wir zur Bearbeitung Ihrer Anfragen gem\u00e4\u00df Art. 6 Abs. 1 S. 1 lit. b DSGVO personenbezogene Daten, wenn Sie uns diese bei einer Kontaktaufnahme mit uns (z.B. per E-Mail) freiwillig mitteilen. Pflichtfelder werden als solche gekennzeichnet, da wir in diesen F\u00e4llen die Daten zwingend zur Bearbeitung Ihrer Kontaktaufnahme ben\u00f6tigen. Welche Daten erhoben werden, ist aus den jeweiligen Eingabeformularen ersichtlich. Nach vollst\u00e4ndiger Bearbeitung Ihrer Anfrage werden Ihre Daten gel\u00f6scht.<\/p>\n\n\n\n<p><strong>3.&nbsp;Datenverarbeitung zum Zwecke der Versandabwicklung<\/strong><br>Zur Vertragserf\u00fcllung gem\u00e4\u00df Art. 6 Abs. 1 S. 1 lit. b DSGVO geben wir Ihre Daten an den mit der Lieferung beauftragten Versanddienstleister weiter, soweit dies zur Lieferung bestellter Waren erforderlich ist. Bei Fragen zu unseren Dienstleistern und der Grundlage unserer Zusammenarbeit mit ihnen wenden Sie sich bitte an die in dieser Datenschutzerkl\u00e4rung beschriebene Kontaktm\u00f6glichkeit.<\/p>\n\n\n\n<p><strong>4.&nbsp;Datenverarbeitung zur Zahlungsabwicklung<\/strong><br>Bei der Abwicklung von Zahlungen in unserem Online-Shop arbeiten wir mit diesen Partnern zusammen: technische Dienstleister, Kreditinstitute, Zahlungsdienstleister.<\/p>\n\n\n\n<p><strong>4.1&nbsp;Datenverarbeitung zur Transaktionsabwicklung<\/strong><br>Je nach ausgew\u00e4hlter Zahlungsart geben wir die f\u00fcr die Abwicklung der Zahlungstransaktion notwendigen Daten an unsere technischen Dienstleister, die im Rahmen einer Auftragsverarbeitung f\u00fcr uns t\u00e4tig sind, oder an die beauftragten Kreditinstitute oder an den ausgew\u00e4hlten Zahlungsdienstleister weiter, soweit dies zur Abwicklung der Zahlung erforderlich ist. Dies dient der Vertragserf\u00fcllung gem\u00e4\u00df Art. 6 Abs. 1 S. 1 lit. b DSGVO. Zum Teil erheben die Zahlungsdienstleister die f\u00fcr die Abwicklung der Zahlung erforderlichen Daten selbst, z.B. auf ihrer eigenen Webseite oder \u00fcber eine technische Einbindung im Bestellprozess. Es gilt insoweit die Datenschutzerkl\u00e4rung des jeweiligen Zahlungsdienstleisters.<br>Bei Fragen zu unseren Partnern f\u00fcr die Zahlungsabwicklung und der Grundlage unserer Zusammenarbeit mit ihnen wenden Sie sich bitte an die in dieser Datenschutzerkl\u00e4rung beschriebenen Kontaktm\u00f6glichkeit.<\/p>\n\n\n\n<p><strong>4.2&nbsp;Datenverarbeitung zum Zwecke der Betrugspr\u00e4vention und der Optimierung unserer Zahlungsprozesse<\/strong><br>Gegebenenfalls geben wir unseren Dienstleistern weitere Daten, die sie zusammen mit den f\u00fcr die Abwicklung der Zahlung notwendigen Daten als unsere Auftragsverarbeiter zum Zwecke der Betrugspr\u00e4vention und der Optimierung unserer Zahlungsprozesse (z.B. Rechnungsstellung, Abwicklung von angefochtenen Zahlungen, Unterst\u00fctzung der Buchhaltung) verwenden. Dies dient gem\u00e4\u00df Art. 6 Abs. 1 S. 1 lit. f DSGVO der Wahrung unserer im Rahmen einer Interessensabw\u00e4gung \u00fcberwiegenden berechtigten Interessen an unserer Absicherung gegen Betrug bzw. an einem effizienten Zahlungsmanagement.<\/p>\n\n\n\n<p><strong>5. Cookies und weitere Technologien<\/strong><br><strong>5.1 Allgemeine Informationen<\/strong><br>Um den Besuch unserer Webseite attraktiv zu gestalten und die Nutzung bestimmter Funktionen zu erm\u00f6glichen, verwenden wir auf verschiedenen Seiten Technologien einschlie\u00dflich sogenannter Cookies. Cookies sind kleine Textdateien, die automatisch auf Ihrem Endger\u00e4t gespeichert werden. Einige der von uns verwendeten Cookies werden nach Ende der Browser-Sitzung, also nach Schlie\u00dfen Ihres Browsers, wieder gel\u00f6scht (sog. Sitzungs-Cookies). Andere Cookies verbleiben auf Ihrem Endger\u00e4t und erm\u00f6glichen uns, Ihren Browser beim n\u00e4chsten Besuch wiederzuerkennen (persistente Cookies). Die Dauer der Speicherung k\u00f6nnen Sie der \u00dcbersicht in den Cookie-Einstellungen Ihres Webbrowsers entnehmen.<\/p>\n\n\n\n<p><strong>5.2 Schutz der Privatsph\u00e4re bei Endger\u00e4ten<\/strong><br>Bei Nutzung unseres Online-Angebots setzen wir unbedingt notwendige Technologien ein, um den ausdr\u00fccklich gew\u00fcnschten Telemediendienst zur Verf\u00fcgung stellen zu k\u00f6nnen. Die Speicherung von Informationen in Ihrem Endger\u00e4t oder der Zugriff auf Informationen, die bereits in Ihrem Endger\u00e4t gespeichert sind, bed\u00fcrfen insoweit keiner Einwilligung. <br>Bei nicht unbedingt erforderlichen Funktionen bedarf die Speicherung von Informationen in Ihrem Endger\u00e4t oder der Zugriff auf Informationen, die bereits in Ihrem Endger\u00e4t gespeichert sind, Ihrer Einwilligung. Wir weisen Sie darauf hin, dass bei Nichterteilung der Einwilligung ggf. Teile der Webseite nicht uneingeschr\u00e4nkt nutzbar sein k\u00f6nnen. Ihre etwaig erteilten Einwilligungen bleiben solange bestehen, bis Sie die jeweiligen Einstellungen in Ihrem Endger\u00e4t anpassen oder zur\u00fccksetzen.<\/p>\n\n\n\n<p><strong>5.3 Etwaig nachgelagerte Datenverarbeitung durch Cookies und weitere Technologien<\/strong><br>Wir verwenden solche Technologien, die f\u00fcr die Nutzung bestimmter Funktionen unserer Webseite (z.B. Warenkorbfunktion) zwingend erforderlich sind. Durch diese Technologien werden IP-Adresse, Zeitpunkt des Besuchs, Ger\u00e4te- und Browser-Informationen sowie Informationen zu Ihrer Nutzung unserer Webseite (z. B. Informationen zum Inhalt des Warenkorbs) erhoben und verarbeitet. Dies dient im Rahmen einer Interessensabw\u00e4gung \u00fcberwiegenden berechtigten Interessen an einer optimierten Darstellung unseres Angebots gem\u00e4\u00df Art. 6 Abs. 1 S. 1 lit. f DSGVO.<\/p>\n\n\n\n<p><strong>5.4 Cookie-Einstellungen<\/strong><br>Die Cookie-Einstellungen f\u00fcr Ihren Browser finden Sie unter den folgenden Links: <a href=\"https:\/\/support.microsoft.com\/de-de\/help\/4027947\/microsoft-edge-delete-cookies\" target=\"_blank\" rel=\"noreferrer noopener\">Microsoft Edge\u2122<\/a> \/ <a href=\"https:\/\/support.apple.com\/de-de\/guide\/safari\/sfri11471\/12.0\/mac\/10.14\" target=\"_blank\" rel=\"noreferrer noopener\">Safari\u2122<\/a> \/ <a href=\"https:\/\/support.google.com\/chrome\/answer\/95647?hl=de&amp;hlrm=en\" target=\"_blank\" rel=\"noreferrer noopener\">Chrome\u2122<\/a> \/ <a href=\"https:\/\/support.mozilla.org\/de\/kb\/cookies-informationen-websites-auf-ihrem-computer\" target=\"_blank\" rel=\"noreferrer noopener\">Firefox\u2122<\/a> \/ <a href=\"https:\/\/help.opera.com\/de\/latest\/web-preferences\/#cookies\" target=\"_blank\" rel=\"noreferrer noopener\">Opera\u2122<\/a><br>Soweit Sie in die Verwendung der Technologien gem\u00e4\u00df Art. 6 Abs. 1 S. 1 lit. a DSGVO eingewilligt haben, k\u00f6nnen Sie Ihre Einwilligung jederzeit widerrufen durch eine Nachricht an die in der Datenschutzerkl\u00e4rung beschriebenen Kontaktm\u00f6glichkeit.<\/p>\n\n\n\n<p><strong>6.&nbsp;Kontaktm\u00f6glichkeiten und Ihre Rechte<\/strong><br><strong>6.1&nbsp;Ihre Rechte<\/strong><br>Als Betroffener haben Sie folgende Rechte:<\/p>\n\n\n\n<ul class=\"wp-block-list\">\n<li>gem\u00e4\u00df Art. 15 DSGVO das Recht, in dem dort bezeichneten Umfang Auskunft \u00fcber Ihre von uns verarbeiteten personenbezogenen Daten zu verlangen;<\/li>\n\n\n\n<li>gem\u00e4\u00df Art. 16 DSGVO das Recht, unverz\u00fcglich die Berichtigung unrichtiger oder Vervollst\u00e4ndigung Ihrer bei uns gespeicherten personenbezogenen Daten zu verlangen;<\/li>\n\n\n\n<li>gem\u00e4\u00df Art. 17 DSGVO das Recht, die L\u00f6schung Ihrer bei uns gespeicherten personenbezogenen Daten zu verlangen, soweit nicht die weitere Verarbeitung\n<ul class=\"wp-block-list\">\n<li>zur Aus\u00fcbung des Rechts auf freie Meinungs\u00e4u\u00dferung und Information;<\/li>\n\n\n\n<li>zur Erf\u00fcllung einer rechtlichen Verpflichtung;<\/li>\n\n\n\n<li>aus Gr\u00fcnden des \u00f6ffentlichen Interesses oder<\/li>\n\n\n\n<li>zur Geltendmachung, Aus\u00fcbung oder Verteidigung von Rechtsanspr\u00fcchen erforderlich ist;<\/li>\n<\/ul>\n<\/li>\n\n\n\n<li>gem\u00e4\u00df Art. 18 DSGVO das Recht, die Einschr\u00e4nkung der Verarbeitung Ihrer personenbezogenen Daten zu verlangen, soweit\n<ul class=\"wp-block-list\">\n<li>die Richtigkeit der Daten von Ihnen bestritten wird;<\/li>\n\n\n\n<li>die Verarbeitung unrechtm\u00e4\u00dfig ist, Sie aber deren L\u00f6schung ablehnen;<\/li>\n\n\n\n<li>wir die Daten nicht mehr ben\u00f6tigen, Sie diese jedoch zur Geltendmachung, Aus\u00fcbung oder Verteidigung von Rechtsanspr\u00fcchen ben\u00f6tigen oder<\/li>\n\n\n\n<li>Sie gem\u00e4\u00df Art. 21 DSGVO Widerspruch gegen die Verarbeitung eingelegt haben;<\/li>\n<\/ul>\n<\/li>\n\n\n\n<li>gem\u00e4\u00df Art. 20 DSGVO das Recht, Ihre personenbezogenen Daten, die Sie uns bereitgestellt haben, in einem strukturierten, g\u00e4ngigen und maschinenlesbaren Format zu erhalten oder die \u00dcbermittlung an einen anderen Verantwortlichen zu verlangen;<\/li>\n\n\n\n<li>gem\u00e4\u00df Art. 77 DSGVO das Recht, sich bei einer Aufsichtsbeh\u00f6rde zu beschweren. In der Regel k\u00f6nnen Sie sich hierf\u00fcr an die Aufsichtsbeh\u00f6rde Ihres \u00fcblichen Aufenthaltsortes oder Arbeitsplatzes oder unseres Unternehmenssitzes wenden.<\/li>\n<\/ul>\n\n\n\n<p><strong>Widerspruchsrecht<\/strong><br>Soweit wir zur Wahrung unserer im Rahmen einer Interessensabw\u00e4gung \u00fcberwiegenden berechtigten Interessen personenbezogene Daten wie oben erl\u00e4utert verarbeiten, k\u00f6nnen Sie dieser Verarbeitung mit Wirkung f\u00fcr die Zukunft widersprechen.<br>Erfolgt die Verarbeitung zu Zwecken des Direktmarketings, k\u00f6nnen Sie dieses Recht jederzeit wie oben beschrieben aus\u00fcben. Soweit die Verarbeitung zu anderen Zwecken erfolgt, steht Ihnen ein Widerspruchsrecht nur bei Vorliegen von Gr\u00fcnden, die sich aus Ihrer besonderen Situation ergeben, zu. Nach Aus\u00fcbung Ihres Widerspruchsrechts werden wir Ihre personenbezogenen Daten nicht weiter zu diesen Zwecken verarbeiten, es sei denn, wir k\u00f6nnen zwingende schutzw\u00fcrdige Gr\u00fcnde f\u00fcr die Verarbeitung nachweisen, die Ihre Interessen, Rechte und Freiheiten \u00fcberwiegen, oder wenn die Verarbeitung der Geltendmachung, Aus\u00fcbung oder Verteidigung von Rechtsanspr\u00fcchen dient. Dies gilt nicht, wenn die Verarbeitung zu Zwecken des Direktmarketings erfolgt. Dann werden wir Ihre personenbezogenen Daten nicht weiter zu diesem Zweck verarbeiten.<\/p>\n\n\n\n<p><strong>6.2&nbsp;Kontaktm\u00f6glichkeiten<\/strong><br>Bei Fragen zur Erhebung, Verarbeitung oder Nutzung Ihrer personenbezogenen Daten, bei Ausk\u00fcnften, Berichtigung, Einschr\u00e4nkung oder L\u00f6schung von Daten sowie Widerruf erteilter Einwilligungen oder Widerspruch gegen eine bestimmte Datenverwendung wenden Sie sich bitte direkt an uns \u00fcber die Kontaktdaten in unserem&nbsp;<a href=\"https:\/\/lernkarteien.de\/shop\/impressum\">Impressum<\/a>.<\/p>\n\n\n\n<p><\/p>\n","protected":false},"excerpt":{"rendered":"<p>Inhaltsverzeichnis 1. Zugriffsdaten und Hosting 2. Datenverarbeitung zur Vertragsabwicklung und zur Kontaktaufnahme 2.1 Datenverarbeitung zur Vertragsabwicklung 2.2 Kontaktaufnahme 3. Datenverarbeitung zum Zwecke der Versandabwicklung 4. Datenverarbeitung zur Zahlungsabwicklung 4.1 Datenverarbeitung zur Transaktionsabwicklung 4.2 Datenverarbeitung zum Zwecke der Betrugspr\u00e4vention und der Optimierung unserer Zahlungsprozesse 5. Cookies und weitere Technologien 6. Kontaktm\u00f6glichkeiten und Ihre Rechte 6.1 Ihre [&hellip;]<\/p>\n","protected":false},"author":2,"featured_media":0,"parent":0,"menu_order":0,"comment_status":"closed","ping_status":"open","template":"","meta":{"site-sidebar-layout":"no-sidebar","site-content-layout":"default","ast-site-content-layout":"default","site-content-style":"default","site-sidebar-style":"default","ast-global-header-display":"","ast-banner-title-visibility":"","ast-main-header-display":"","ast-hfb-above-header-display":"","ast-hfb-below-header-display":"","ast-hfb-mobile-header-display":"","site-post-title":"","ast-breadcrumbs-content":"","ast-featured-img":"","footer-sml-layout":"","ast-disable-related-posts":"","theme-transparent-header-meta":"default","adv-header-id-meta":"","stick-header-meta":"","header-above-stick-meta":"","header-main-stick-meta":"","header-below-stick-meta":"","astra-migrate-meta-layouts":"set","ast-page-background-enabled":"default","ast-page-background-meta":{"desktop":{"background-color":"","background-image":"","background-repeat":"repeat","background-position":"center center","background-size":"auto","background-attachment":"scroll","background-type":"","background-media":"","overlay-type":"","overlay-color":"","overlay-opacity":"","overlay-gradient":""},"tablet":{"background-color":"","background-image":"","background-repeat":"repeat","background-position":"center center","background-size":"auto","background-attachment":"scroll","background-type":"","background-media":"","overlay-type":"","overlay-color":"","overlay-opacity":"","overlay-gradient":""},"mobile":{"background-color":"","background-image":"","background-repeat":"repeat","background-position":"center center","background-size":"auto","background-attachment":"scroll","background-type":"","background-media":"","overlay-type":"","overlay-color":"","overlay-opacity":"","overlay-gradient":""}},"ast-content-background-meta":{"desktop":{"background-color":"var(--ast-global-color-5)","background-image":"","background-repeat":"repeat","background-position":"center center","background-size":"auto","background-attachment":"scroll","background-type":"","background-media":"","overlay-type":"","overlay-color":"","overlay-opacity":"","overlay-gradient":""},"tablet":{"background-color":"var(--ast-global-color-5)","background-image":"","background-repeat":"repeat","background-position":"center center","background-size":"auto","background-attachment":"scroll","background-type":"","background-media":"","overlay-type":"","overlay-color":"","overlay-opacity":"","overlay-gradient":""},"mobile":{"background-color":"var(--ast-global-color-5)","background-image":"","background-repeat":"repeat","background-position":"center center","background-size":"auto","background-attachment":"scroll","background-type":"","background-media":"","overlay-type":"","overlay-color":"","overlay-opacity":"","overlay-gradient":""}},"footnotes":""},"class_list":["post-3","page","type-page","status-publish","hentry"],"yoast_head":"<!-- This site is optimized with the Yoast SEO plugin v27.5 - https:\/\/yoast.com\/product\/yoast-seo-wordpress\/ -->\n<title>Datenschutzerkl\u00e4rung - Lernkarteien.de\/Shop<\/title>\n<meta name=\"description\" content=\"Datenschutzerkl\u00e4rung zum Lernkarteien-Shop\" \/>\n<meta name=\"robots\" content=\"index, follow, max-snippet:-1, max-image-preview:large, max-video-preview:-1\" \/>\n<link rel=\"canonical\" href=\"https:\/\/lernkarteien.de\/shop\/datenschutzerklaerung\/\" \/>\n<meta property=\"og:locale\" content=\"de_DE\" \/>\n<meta property=\"og:type\" content=\"article\" \/>\n<meta property=\"og:title\" content=\"Datenschutzerkl\u00e4rung - Lernkarteien.de\/Shop\" \/>\n<meta property=\"og:description\" content=\"Datenschutzerkl\u00e4rung zum Lernkarteien-Shop\" \/>\n<meta property=\"og:url\" content=\"https:\/\/lernkarteien.de\/shop\/datenschutzerklaerung\/\" \/>\n<meta property=\"og:site_name\" content=\"Lernkarteien.de\/Shop\" \/>\n<meta property=\"article:modified_time\" content=\"2025-10-27T10:00:53+00:00\" \/>\n<meta name=\"twitter:card\" content=\"summary_large_image\" \/>\n<meta name=\"twitter:label1\" content=\"Gesch\u00e4tzte Lesezeit\" \/>\n\t<meta name=\"twitter:data1\" content=\"9\u00a0Minuten\" \/>\n<script type=\"application\/ld+json\" class=\"yoast-schema-graph\">{\"@context\":\"https:\\\/\\\/schema.org\",\"@graph\":[{\"@type\":\"WebPage\",\"@id\":\"https:\\\/\\\/lernkarteien.de\\\/shop\\\/datenschutzerklaerung\\\/\",\"url\":\"https:\\\/\\\/lernkarteien.de\\\/shop\\\/datenschutzerklaerung\\\/\",\"name\":\"Datenschutzerkl\u00e4rung - Lernkarteien.de\\\/Shop\",\"isPartOf\":{\"@id\":\"https:\\\/\\\/lernkarteien.de\\\/shop\\\/#website\"},\"datePublished\":\"2024-03-30T14:37:00+00:00\",\"dateModified\":\"2025-10-27T10:00:53+00:00\",\"description\":\"Datenschutzerkl\u00e4rung zum Lernkarteien-Shop\",\"breadcrumb\":{\"@id\":\"https:\\\/\\\/lernkarteien.de\\\/shop\\\/datenschutzerklaerung\\\/#breadcrumb\"},\"inLanguage\":\"de\",\"potentialAction\":[{\"@type\":\"ReadAction\",\"target\":[\"https:\\\/\\\/lernkarteien.de\\\/shop\\\/datenschutzerklaerung\\\/\"]}]},{\"@type\":\"BreadcrumbList\",\"@id\":\"https:\\\/\\\/lernkarteien.de\\\/shop\\\/datenschutzerklaerung\\\/#breadcrumb\",\"itemListElement\":[{\"@type\":\"ListItem\",\"position\":1,\"name\":\"Startseite\",\"item\":\"https:\\\/\\\/lernkarteien.de\\\/shop\\\/\"},{\"@type\":\"ListItem\",\"position\":2,\"name\":\"Datenschutzerkl\u00e4rung\"}]},{\"@type\":\"WebSite\",\"@id\":\"https:\\\/\\\/lernkarteien.de\\\/shop\\\/#website\",\"url\":\"https:\\\/\\\/lernkarteien.de\\\/shop\\\/\",\"name\":\"Lernkarteien.de\\\/Shop\",\"description\":\"\",\"potentialAction\":[{\"@type\":\"SearchAction\",\"target\":{\"@type\":\"EntryPoint\",\"urlTemplate\":\"https:\\\/\\\/lernkarteien.de\\\/shop\\\/?s={search_term_string}\"},\"query-input\":{\"@type\":\"PropertyValueSpecification\",\"valueRequired\":true,\"valueName\":\"search_term_string\"}}],\"inLanguage\":\"de\"}]}<\/script>\n<!-- \/ Yoast SEO plugin. -->","yoast_head_json":{"title":"Datenschutzerkl\u00e4rung - Lernkarteien.de\/Shop","description":"Datenschutzerkl\u00e4rung zum Lernkarteien-Shop","robots":{"index":"index","follow":"follow","max-snippet":"max-snippet:-1","max-image-preview":"max-image-preview:large","max-video-preview":"max-video-preview:-1"},"canonical":"https:\/\/lernkarteien.de\/shop\/datenschutzerklaerung\/","og_locale":"de_DE","og_type":"article","og_title":"Datenschutzerkl\u00e4rung - Lernkarteien.de\/Shop","og_description":"Datenschutzerkl\u00e4rung zum Lernkarteien-Shop","og_url":"https:\/\/lernkarteien.de\/shop\/datenschutzerklaerung\/","og_site_name":"Lernkarteien.de\/Shop","article_modified_time":"2025-10-27T10:00:53+00:00","twitter_card":"summary_large_image","twitter_misc":{"Gesch\u00e4tzte Lesezeit":"9\u00a0Minuten"},"schema":{"@context":"https:\/\/schema.org","@graph":[{"@type":"WebPage","@id":"https:\/\/lernkarteien.de\/shop\/datenschutzerklaerung\/","url":"https:\/\/lernkarteien.de\/shop\/datenschutzerklaerung\/","name":"Datenschutzerkl\u00e4rung - Lernkarteien.de\/Shop","isPartOf":{"@id":"https:\/\/lernkarteien.de\/shop\/#website"},"datePublished":"2024-03-30T14:37:00+00:00","dateModified":"2025-10-27T10:00:53+00:00","description":"Datenschutzerkl\u00e4rung zum Lernkarteien-Shop","breadcrumb":{"@id":"https:\/\/lernkarteien.de\/shop\/datenschutzerklaerung\/#breadcrumb"},"inLanguage":"de","potentialAction":[{"@type":"ReadAction","target":["https:\/\/lernkarteien.de\/shop\/datenschutzerklaerung\/"]}]},{"@type":"BreadcrumbList","@id":"https:\/\/lernkarteien.de\/shop\/datenschutzerklaerung\/#breadcrumb","itemListElement":[{"@type":"ListItem","position":1,"name":"Startseite","item":"https:\/\/lernkarteien.de\/shop\/"},{"@type":"ListItem","position":2,"name":"Datenschutzerkl\u00e4rung"}]},{"@type":"WebSite","@id":"https:\/\/lernkarteien.de\/shop\/#website","url":"https:\/\/lernkarteien.de\/shop\/","name":"Lernkarteien.de\/Shop","description":"","potentialAction":[{"@type":"SearchAction","target":{"@type":"EntryPoint","urlTemplate":"https:\/\/lernkarteien.de\/shop\/?s={search_term_string}"},"query-input":{"@type":"PropertyValueSpecification","valueRequired":true,"valueName":"search_term_string"}}],"inLanguage":"de"}]}},"_links":{"self":[{"href":"https:\/\/lernkarteien.de\/shop\/wp-json\/wp\/v2\/pages\/3","targetHints":{"allow":["GET"]}}],"collection":[{"href":"https:\/\/lernkarteien.de\/shop\/wp-json\/wp\/v2\/pages"}],"about":[{"href":"https:\/\/lernkarteien.de\/shop\/wp-json\/wp\/v2\/types\/page"}],"author":[{"embeddable":true,"href":"https:\/\/lernkarteien.de\/shop\/wp-json\/wp\/v2\/users\/2"}],"replies":[{"embeddable":true,"href":"https:\/\/lernkarteien.de\/shop\/wp-json\/wp\/v2\/comments?post=3"}],"version-history":[{"count":0,"href":"https:\/\/lernkarteien.de\/shop\/wp-json\/wp\/v2\/pages\/3\/revisions"}],"wp:attachment":[{"href":"https:\/\/lernkarteien.de\/shop\/wp-json\/wp\/v2\/media?parent=3"}],"curies":[{"name":"wp","href":"https:\/\/api.w.org\/{rel}","templated":true}]}}